osite?
True
Is 265471 a composite number?
False
Is 25329307 composite?
False
Is 26107619 a composite number?
False
Is 803239 a composite number?
True
Is 272844523 a prime number?
False
Is 36699511 composite?
True
Is 666516913 a prime number?
False
Is 4687139 a composite number?
False
Is 61562887 a composite number?
False
Is 2218389 composite?
True
Is 2759681 a composite number?
True
Is 20816507 a prime number?
True
Is 2618063 a composite number?
True
Is 452200549 composite?
False
Is 175301417 a composite number?
True
Is 1476570169 prime?
False
Is 531892121 a composite number?
True
Is 19522141 a composite number?
False
Is 138552821 a composite number?
True
Is 279857 composite?
False
Is 370032493 prime?
True
Is 6496181 a prime number?
True
Is 3489133 prime?
False
Is 280993469 composite?
True
Is 3642911 prime?
True
Is 833377 composite?
False
Is 19213099 a prime number?
False
Is 6796459 a prime number?
False
Is 36515447 composite?
True
Is 1160279 composite?
False
Is 6087511 a prime number?
False
Is 16528667 prime?
False
Is 8405077 prime?
True
Is 15146017 a prime number?
True
Is 65493871 a prime number?
True
Is 6689679 a prime number?
False
Is 45249817 a prime number?
True
Is 17827259 prime?
True
Is 118374497 a composite number?
False
Is 35583591 a prime number?
False
Is 4144513 a composite number?
True
Is 47783251 a composite number?
False
Is 18754291 composite?
True
Is 16143887 a prime number?
False
Is 5207677 prime?
True
Is 2583289 prime?
False
Is 2374963 prime?
True
Is 19196861 prime?
False
Is 7541477 prime?
True
Is 35342089 prime?
False
Is 11495819 a prime number?
True
Is 235073782 a prime number?
False
Is 116523049 a prime number?
False
Is 7164923 a composite number?
False
Is 258332509 prime?
True
Is 7074609 a composite number?
True
Is 3208939 prime?
True
Is 848919 a composite number?
True
Is 102239689 composite?
True
Is 148627 prime?
True
Is 220318903 composite?
True
Is 3656029 prime?
False
Is 6237839 a composite number?
True
Is 27377215 composite?
True
Is 51842429 prime?
True
Is 1427359 prime?
True
Is 850373 a composite number?
False
Is 403224163 composite?
False
Is 164310863 composite?
True
Is 5754599 a composite number?
True
Is 842987 composite?
False
Is 1141427 prime?
False
Is 54123581 prime?
True
Is 35745667 a prime number?
False
Is 365669 composite?
False
Is 16903019 prime?
False
Is 64938331 prime?
True
Is 2959051 prime?
True
Is 5648761 prime?
True
Is 31918939 composite?
True
Is 4682479 a prime number?
True
Is 10320131 composite?
False
Is 42120179 prime?
True
Is 70108897 prime?
True
Is 27437951 prime?
False
Is 2228731 a composite number?
False
Is 9935857 a prime number?
False
Is 65810663 a prime number?
True
Is 80184173 composite?
False
Is 20802631 prime?
True
Is 16115063 a prime number?
True
Is 2618339 composite?
False
Is 12041917 composite?
True
Is 23663249 a composite number?
False
Is 13528969 composite?
True
Is 417235619 prime?
True
Is 8586049 a composite number?
True
Is 697531 prime?
False
Is 21199639 a prime number?
True
Is 117782603 a prime number?
True
Is 691277 a composite number?
True
Is 1704431 prime?
True
Is 149186677 composite?
False
Is 141610109 prime?
False
Is 96410159 composite?
False
Is 1329501 prime?
False
Is 485201 a composite number?
False
Is 13243409 a prime number?
True
Is 2817181 composite?
False
Is 98588411 composite?
True
Is 509832321 a composite number?
True
Is 731611437 a prime number?
False
Is 5827639 composite?
False
Is 49434169 a prime number?
False
Is 4214087 a composite number?
False
Is 502687 a prime number?
True
Is 34666309 a prime number?
False
Is 96169 a prime number?
False
Is 47230363 a prime number?
True
Is 3071057 composite?
True
Is 305947 a composite number?
False
Is 635759 a composite number?
True
Is 4919821 a prime number?
False
Is 168725053 prime?
False
Is 679247 composite?
True
Is 7142151 prime?
False
Is 186475973 a composite number?
True
Is 5800889 a prime number?
True
Is 1490221 a composite number?
True
Is 320923 a prime number?
True
Is 343411 a prime number?
True
Is 156357607 a composite number?
True
Is 41496649 a composite number?
True
Is 12517739 prime?
False
Is 1022039173 composite?
False
Is 6665297 a prime number?
True
Is 652541 prime?
True
Is 15103997 composite?
True
Is 31980959 composite?
False
Is 316133 prime?
True
Is 1016567 prime?
True
Is 6056187 composite?
True
Is 2683607 prime?
False
Is 44272265 a prime number?
False
Is 1495369 composite?
False
Is 8715869 a composite number?
True
Is 20832761 prime?
False
Is 1527611 a prime number?
False
Is 9871699 prime?
True
Is 1552069 a prime number?
False
Is 6667901 a prime number?
False
Is 14771906 composite?
True
Is 264387 a composite number?
True
Is 1530899 a composite number?
True
Is 1189777 a prime number?
False
Is 7031219 composite?
True
Is 13031981 a composite number?
False
Is 66114019 a composite number?
False
Is 132427 composite?
True
Is 94662229 prime?
False
Is 446217121 a composite number?
True
Is 94629083 a composite number?
True
Is 15304801 composite?
False
Is 31851107 prime?
True
Is 729986 a composite number?
True
Is 137396387 prime?
True
Is 23274539 prime?
True
Is 284507 prime?
True
Is 788135 prime?
False
Is 2667997 a composite number?
True
Is 137079727 composite?
False
Is 393935 prime?
False
Is 1960165 a prime number?
False
Is 589091 composite?
True
Is 5722214 a prime number?
False
Is 733804499 composite?
True
Is 26489093 composite?
True
Is 43348853 a composite number?
False
Is 2626637 composite?
True
Is 770039 a prime number?
True
Is 8003849 a composite number?
True
Is 213929015 prime?
False
Is 8020669 composite?
False
Is 1481083 composite?
True
Is 3923303 a prime number?
True
Is 4519547 a composite number?
False
Is 1278150547 a prime number?
True
Is 36134207 a prime number?
False
Is 59688833 a prime number?
False
Is 419821 a prime number?
True
Is 59603969 composite?
True
Is 4245491 composite?
True
Is 1439651 prime?
True
Is 30418217 a prime number?
False
Is 459167 prime?
True
Is 53597449 a prime number?
True
Is 747239 a composite number?
False
Is 340505171 a prime number?
False
Is 1301303 composite?
True
Is 70185614 a prime number?
False
Is 206287327 a composite number?
False
Is 20213819 prime?
True
Is 64993911 composite?
True
Is 118580773 a composite number?
True
Is 1582697 prime?
True
Is 2064299 prime?
True
Is 629271257 a composite number?
False
Is 916618 a prime number?
False
Is 26704103 composite?
True
Is 438663 composite?
True
Is 61687193 a prime number?
False
Is 12916037 a composite number?
False
Is 254699 a prime number?
True
Is 13209211 prime?
True
Is 75821461 a prime number?
False
Is 19821203 composite?
False
Is 2056081 a composite number?
False
Is 5864753 prime?
True
Is 379764563 a composite number?
True
Is 3876043 prime?
False
Is 3521909 a composite number?
False
Is 165068749 prime?
False
Is 55633543 a composite number?
True
Is 48135781 a composite number?
False
Is 2699591 prime?
True
Is 88878565 composite?
True
Is 69140737 a prime number?
False
Is 722066 prime?
False
Is 14693485 a prime number?
False
Is 37446107 composite?
True
Is 8737163 prime?
False
Is 1233891647 a composite number?
True
Is 785480431 a composite number?
True
Is 10752743 composite?
False
Is 166097 a prime number?
False
Is 3697321 composite?
False
Is 41860799 composite?
False
Is 94215553 a prime number?
True
Is 11183 a prime number?
False
Is 190188961 a prime number?
False
Is 36902 composite?
True
Is 107391 a composite number?
True
Is 80113 a prime number?
False
Is 7076281 prime?
True
Is 18167 prime?
False
Is 12616271 a composite number?
False
Is 16508951 a composite number?
False
Is 9766319 a prime number?
False
Is 784081 composite?
False
Is 4278809 prime?
False
Is 90984079 composite?
False
Is 1039387 prime?
True
Is 817697 prime?
True
Is 78909653 composite?
False
Is 135131 composite?
False
Is 3928487 a prime number?
True
Is 172448923 a composite number?
True
Is 15809 composite?
False
Is 425939 a prime number?
True
Is 1254403 a composite number?
True
Is 41844931 a prime number?
False
Is 519457303 a prime number?
True
Is 1089787 a prime number?
False
Is 56372977 composite?
True
Is 16899079 a composite number?
True
Is 656785 prime?
False
Is 22840427 a prime number?
True
Is 63621377 a composite number?
True
Is 59682793 a composite number?
False
